{"id":9,"date":"2016-11-11T16:57:48","date_gmt":"2016-11-11T16:57:48","guid":{"rendered":"https:\/\/www.ceors.com.br\/site\/?page_id=9"},"modified":"2024-07-04T15:03:48","modified_gmt":"2024-07-04T18:03:48","slug":"quem-somos","status":"publish","type":"page","link":"https:\/\/www.ceors.com.br\/site\/quem-somos\/","title":{"rendered":"CEO"},"content":{"rendered":"<p>A equipe do CEO nasceu de uma amizade entre colegas oftalmologistas que se conheceram em S\u00e3o Paulo durante o per\u00edodo de resid\u00eancia m\u00e9dica e fellowship no Instituto Tadeu Cvintal durante os anos de 2009 e 2010.<\/p>\n<p>Havia um pensamento de criar um grupo que atendesse a todas as \u00e1reas da oftalmologia de forma diferenciada, com a preocupa\u00e7\u00e3o de cuidar com muito carinho da sa\u00fade ocular dos pacientes de Passo Fundo e toda a regi\u00e3o.<\/p>\n<p>E sonho que se sonha junto vira realidade. Em meados de julho de 2014 conseguimos colocar em pr\u00e1tica o sonho, sob muito esfor\u00e7o e responsabilidade.O consult\u00f3rio foi planejado para um atendimento de qualidade, observando o conforto e a seguran\u00e7a dos pacientes. Al\u00e9m de uma sala especial para a adapta\u00e7\u00e3o em lentes de contato.<\/p>\n<h2 style=\"text-align: center;\"><span style=\"color: #474862;\"><strong>Nossa Miss\u00e3o<\/strong><\/span><\/h2>\n<p style=\"text-align: center;\"><em> Atender aos nossos pacientes de forma a promover a sa\u00fade ocular de\u00a0excel\u00eancia\u00a0em toda a sua integralidade.\u00a0<\/em><\/p>\n<h2 style=\"text-align: center;\"><span style=\"color: #474862;\"><strong>Nossa Vis\u00e3o<\/strong><\/span><\/h2>\n<p style=\"text-align: center;\"><em> Ser um centro de\u00a0refer\u00eancia\u00a0em oftalmologia para a cidade de Passo Fundo e regi\u00e3o.<\/em><\/p>\n<div class=\"foogallery foogallery-container foogallery-default foogallery-lightbox-foobox fg-gutter-10 fg-center fg-default fg-light fg-border-medium fg-round-large fg-shadow-medium fg-shadow-inset-medium fg-loading-default fg-loaded-fade-in fg-custom fg-caption-hover fg-hover-fade fg-hover-zoom\" id=\"foogallery-gallery-107\" data-foogallery=\"{&quot;item&quot;:{&quot;showCaptionTitle&quot;:true,&quot;showCaptionDescription&quot;:true},&quot;lazy&quot;:true,&quot;src&quot;:&quot;data-src-fg&quot;,&quot;srcset&quot;:&quot;data-srcset-fg&quot;}\" data-fg-common-fields=\"1\" >\n\t<div class=\"fg-item\"><figure class=\"fg-item-inner\"><a href=\"https:\/\/www.ceors.com.br\/site\/wp-content\/uploads\/2018\/12\/img_2739.jpg\" data-attachment-id=\"108\" class=\" fg-thumb\"><img width=\"300\" height=\"150\" data-src-fg=\"https:\/\/www.ceors.com.br\/site\/wp-content\/uploads\/cache\/2018\/12\/img_2739\/1623808238.jpg\" class=\"fg-image\" \/><\/a><figcaption class=\"fg-caption\"><div class=\"fg-caption-inner\"><\/div><\/figcaption><\/figure><\/div><div class=\"fg-item\"><figure class=\"fg-item-inner\"><a href=\"https:\/\/www.ceors.com.br\/site\/wp-content\/uploads\/2018\/12\/img_2747.jpg\" data-attachment-id=\"109\" class=\" fg-thumb\"><img width=\"300\" height=\"150\" data-src-fg=\"https:\/\/www.ceors.com.br\/site\/wp-content\/uploads\/cache\/2018\/12\/img_2747\/2229653381.jpg\" class=\"fg-image\" \/><\/a><figcaption class=\"fg-caption\"><div class=\"fg-caption-inner\"><\/div><\/figcaption><\/figure><\/div><div class=\"fg-item\"><figure class=\"fg-item-inner\"><a href=\"https:\/\/www.ceors.com.br\/site\/wp-content\/uploads\/2018\/12\/img_2726.jpg\" data-attachment-id=\"110\" class=\" fg-thumb\"><img width=\"300\" height=\"150\" data-src-fg=\"https:\/\/www.ceors.com.br\/site\/wp-content\/uploads\/cache\/2018\/12\/img_2726\/722557867.jpg\" class=\"fg-image\" \/><\/a><figcaption class=\"fg-caption\"><div class=\"fg-caption-inner\"><\/div><\/figcaption><\/figure><\/div><div class=\"fg-item\"><figure class=\"fg-item-inner\"><a href=\"https:\/\/www.ceors.com.br\/site\/wp-content\/uploads\/2018\/12\/img_2730.jpg\" data-attachment-id=\"111\" class=\" fg-thumb\"><img width=\"300\" height=\"150\" data-src-fg=\"https:\/\/www.ceors.com.br\/site\/wp-content\/uploads\/cache\/2018\/12\/img_2730\/1875029759.jpg\" class=\"fg-image\" \/><\/a><figcaption class=\"fg-caption\"><div class=\"fg-caption-inner\"><\/div><\/figcaption><\/figure><\/div><div class=\"fg-item\"><figure class=\"fg-item-inner\"><a href=\"https:\/\/www.ceors.com.br\/site\/wp-content\/uploads\/2018\/12\/img_2732.jpg\" data-attachment-id=\"112\" class=\" fg-thumb\"><img width=\"300\" height=\"150\" data-src-fg=\"https:\/\/www.ceors.com.br\/site\/wp-content\/uploads\/cache\/2018\/12\/img_2732\/1222547059.jpg\" class=\"fg-image\" \/><\/a><figcaption class=\"fg-caption\"><div class=\"fg-caption-inner\"><\/div><\/figcaption><\/figure><\/div><div class=\"fg-item\"><figure class=\"fg-item-inner\"><a href=\"https:\/\/www.ceors.com.br\/site\/wp-content\/uploads\/2018\/12\/img_2733.jpg\" data-attachment-id=\"113\" class=\" fg-thumb\"><img width=\"300\" height=\"150\" data-src-fg=\"https:\/\/www.ceors.com.br\/site\/wp-content\/uploads\/cache\/2018\/12\/img_2733\/296975997.jpg\" class=\"fg-image\" \/><\/a><figcaption class=\"fg-caption\"><div class=\"fg-caption-inner\"><\/div><\/figcaption><\/figure><\/div><div class=\"fg-item\"><figure class=\"fg-item-inner\"><a href=\"https:\/\/www.ceors.com.br\/site\/wp-content\/uploads\/2018\/12\/img_2734.jpg\" data-attachment-id=\"114\" class=\" fg-thumb\"><img width=\"300\" height=\"150\" data-src-fg=\"https:\/\/www.ceors.com.br\/site\/wp-content\/uploads\/cache\/2018\/12\/img_2734\/1153687574.jpg\" class=\"fg-image\" \/><\/a><figcaption class=\"fg-caption\"><div class=\"fg-caption-inner\"><\/div><\/figcaption><\/figure><\/div><div class=\"fg-item\"><figure class=\"fg-item-inner\"><a href=\"https:\/\/www.ceors.com.br\/site\/wp-content\/uploads\/2018\/12\/img_2736.jpg\" data-attachment-id=\"115\" class=\" fg-thumb\"><img width=\"300\" height=\"150\" data-src-fg=\"https:\/\/www.ceors.com.br\/site\/wp-content\/uploads\/cache\/2018\/12\/img_2736\/2468417531.jpg\" class=\"fg-image\" \/><\/a><figcaption class=\"fg-caption\"><div class=\"fg-caption-inner\"><\/div><\/figcaption><\/figure><\/div><\/div>\n\n","protected":false},"excerpt":{"rendered":"<p>A equipe do CEO nasceu de uma amizade entre colegas oftalmologistas que se conheceram em S\u00e3o Paulo durante o per\u00edodo de resid\u00eancia m\u00e9dica e fellowship no Instituto Tadeu Cvintal durante os anos de 2009 e 2010. Havia um pensamento de criar um grupo que atendesse a todas as \u00e1reas da oftalmologia de forma diferenciada, com [&hellip;]<\/p>\n","protected":false},"author":1,"featured_media":0,"parent":0,"menu_order":0,"comment_status":"closed","ping_status":"closed","template":"","meta":{"footnotes":""},"_links":{"self":[{"href":"https:\/\/www.ceors.com.br\/site\/wp-json\/wp\/v2\/pages\/9"}],"collection":[{"href":"https:\/\/www.ceors.com.br\/site\/wp-json\/wp\/v2\/pages"}],"about":[{"href":"https:\/\/www.ceors.com.br\/site\/wp-json\/wp\/v2\/types\/page"}],"author":[{"embeddable":true,"href":"https:\/\/www.ceors.com.br\/site\/wp-json\/wp\/v2\/users\/1"}],"replies":[{"embeddable":true,"href":"https:\/\/www.ceors.com.br\/site\/wp-json\/wp\/v2\/comments?post=9"}],"version-history":[{"count":13,"href":"https:\/\/www.ceors.com.br\/site\/wp-json\/wp\/v2\/pages\/9\/revisions"}],"predecessor-version":[{"id":192,"href":"https:\/\/www.ceors.com.br\/site\/wp-json\/wp\/v2\/pages\/9\/revisions\/192"}],"wp:attachment":[{"href":"https:\/\/www.ceors.com.br\/site\/wp-json\/wp\/v2\/media?parent=9"}],"curies":[{"name":"wp","href":"https:\/\/api.w.org\/{rel}","templated":true}]}}